{"id":1296,"date":"2024-01-22T10:19:01","date_gmt":"2024-01-22T10:19:01","guid":{"rendered":"https:\/\/amical-buchenwald.org\/avis-legal\/"},"modified":"2025-01-15T07:50:06","modified_gmt":"2025-01-15T07:50:06","slug":"aviso-legal","status":"publish","type":"page","link":"https:\/\/amical-buchenwald.org\/es\/aviso-legal\/","title":{"rendered":"Av\u00edso legal"},"content":{"rendered":"<p>En cumplimiento de lo dispuesto en la Ley 34\/2002, de 11 de julio, de servicios de la sociedad de la informaci\u00f3n y de comercio electr\u00f3nico (LSSI-CE), se informa a los usuarios de la siguiente informaci\u00f3n legal relativa al sitio web <strong>amical-buchenwald.org<\/strong>:<\/p>\n<h1><strong>1. Titularidad del sitio web<\/strong><\/h1>\n<p>El titular de este sitio web es:<\/p>\n<p><strong>Asociaci\u00f3n Buchenwald<\/strong><\/p>\n<ul>\n<li>CIF: G67985028<\/li>\n<li>Direcci\u00f3n: Rambla Salvador Sam\u00e0, 83, 1r 5\u00aa, 08800 Vilanova i la Geltr\u00fa (Barcelona)<\/li>\n<li>Correo electr\u00f3nico de contacto: [Agregar correo electr\u00f3nico de contacto]<\/li>\n<\/ul>\n<h1><strong>2. Objeto<\/strong><\/h1>\n<p>Este sitio web ha sido creado para ofrecer informaci\u00f3n sobre las actividades y finalidades de la Asociaci\u00f3n Buchenwald, as\u00ed como para poner a disposici\u00f3n de los usuarios informaci\u00f3n y recursos de inter\u00e9s general.<\/p>\n<h1><strong>3. Condiciones de uso<\/strong><\/h1>\n<p>El acceso y uso del sitio web confiere la condici\u00f3n de usuario, e implica la aceptaci\u00f3n plena y sin reservas de todas las disposiciones de este Aviso Legal. Si no est\u00e1 de acuerdo con alguna de las condiciones aqu\u00ed establecidas, se recomienda no utilizar este sitio web.<\/p>\n<p>El usuario se compromete a hacer un uso adecuado de los contenidos y servicios de este sitio web y a no emplearlo para realizar actividades il\u00edcitas o contrarias a la buena fe y al orden p\u00fablico.<\/p>\n<h1><strong>4. Propiedad intelectual e industrial<\/strong><\/h1>\n<p>Todos los contenidos del sitio web (textos, im\u00e1genes, gr\u00e1ficos, logotipos, iconos, archivos, etc.) son propiedad exclusiva de la Asociaci\u00f3n Buchenwald o, en su caso, de terceros que han autorizado su uso, y est\u00e1n protegidos por la normativa de propiedad intelectual e industrial.<\/p>\n<p>Queda prohibida la reproducci\u00f3n, distribuci\u00f3n, comunicaci\u00f3n p\u00fablica y transformaci\u00f3n, total o parcial, de los contenidos de este sitio web sin el previo consentimiento expreso del titular.<\/p>\n<h1><strong>5. Protecci\u00f3n de datos<\/strong><\/h1>\n<p>Los datos personales recabados a trav\u00e9s de este sitio web ser\u00e1n tratados de acuerdo con lo establecido en la normativa vigente en materia de protecci\u00f3n de datos. Para m\u00e1s informaci\u00f3n sobre c\u00f3mo tratamos tus datos, puedes consultar nuestra <strong>Pol\u00edtica de Privacidad<\/strong>.<\/p>\n<h1><strong>6. Exclusi\u00f3n de garant\u00edas y responsabilidad<\/strong><\/h1>\n<p>La Asociaci\u00f3n Buchenwald no se hace responsable de los da\u00f1os y perjuicios de cualquier naturaleza que puedan derivarse de la falta de disponibilidad, mantenimiento o funcionamiento del sitio web, as\u00ed como de los posibles errores u omisiones en los contenidos.<\/p>\n<h1><strong>7. Legislaci\u00f3n aplicable y jurisdicci\u00f3n<\/strong><\/h1>\n<p>Este Aviso Legal se regir\u00e1 e interpretar\u00e1 de acuerdo con la legislaci\u00f3n espa\u00f1ola. Para cualquier controversia que pueda surgir, las partes se someten a los Juzgados y Tribunales de Barcelona, con renuncia expresa a cualquier otro fuero que les pudiera corresponder.<\/p>\n","protected":false},"excerpt":{"rendered":"<p>En cumplimiento de lo dispuesto en la Ley 34\/2002, de 11 de julio, de servicios de la sociedad de la informaci\u00f3n y de comercio electr\u00f3nico (LSSI-CE), se informa a los usuarios de la siguiente informaci\u00f3n legal relativa al sitio web amical-buchenwald.org: 1. Titularidad del sitio web El titular de este sitio web es: Asociaci\u00f3n Buchenwald [&hellip;]<\/p>\n","protected":false},"author":1,"featured_media":0,"parent":0,"menu_order":23,"comment_status":"closed","ping_status":"closed","template":"","meta":{"_acf_changed":false,"footnotes":""},"class_list":["post-1296","page","type-page","status-publish","hentry"],"acf":[],"yoast_head":"<!-- This site is optimized with the Yoast SEO plugin v26.6 - https:\/\/yoast.com\/wordpress\/plugins\/seo\/ -->\n<title>Av\u00edso legal - Amical de Buchenwald<\/title>\n<meta name=\"robots\" content=\"index, follow, max-snippet:-1, max-image-preview:large, max-video-preview:-1\" \/>\n<link rel=\"canonical\" href=\"https:\/\/amical-buchenwald.org\/avis-legal\/\" \/>\n<meta property=\"og:locale\" content=\"es_ES\" \/>\n<meta property=\"og:type\" content=\"article\" \/>\n<meta property=\"og:title\" content=\"Av\u00edso legal - Amical de Buchenwald\" \/>\n<meta property=\"og:description\" content=\"En cumplimiento de lo dispuesto en la Ley 34\/2002, de 11 de julio, de servicios de la sociedad de la informaci\u00f3n y de comercio electr\u00f3nico (LSSI-CE), se informa a los usuarios de la siguiente informaci\u00f3n legal relativa al sitio web amical-buchenwald.org: 1. Titularidad del sitio web El titular de este sitio web es: Asociaci\u00f3n Buchenwald [&hellip;]\" \/>\n<meta property=\"og:url\" content=\"https:\/\/amical-buchenwald.org\/avis-legal\/\" \/>\n<meta property=\"og:site_name\" content=\"Amical de Buchenwald\" \/>\n<meta property=\"article:modified_time\" content=\"2025-01-15T07:50:06+00:00\" \/>\n<meta name=\"twitter:card\" content=\"summary_large_image\" \/>\n<meta name=\"twitter:label1\" content=\"Tiempo de lectura\" \/>\n\t<meta name=\"twitter:data1\" content=\"3 minutos\" \/>\n<script type=\"application\/ld+json\" class=\"yoast-schema-graph\">{\"@context\":\"https:\/\/schema.org\",\"@graph\":[{\"@type\":\"WebPage\",\"@id\":\"https:\/\/amical-buchenwald.org\/avis-legal\/\",\"url\":\"https:\/\/amical-buchenwald.org\/avis-legal\/\",\"name\":\"Av\u00edso legal - Amical de Buchenwald\",\"isPartOf\":{\"@id\":\"https:\/\/amical-buchenwald.org\/#website\"},\"datePublished\":\"2024-01-22T10:19:01+00:00\",\"dateModified\":\"2025-01-15T07:50:06+00:00\",\"breadcrumb\":{\"@id\":\"https:\/\/amical-buchenwald.org\/avis-legal\/#breadcrumb\"},\"inLanguage\":\"es\",\"potentialAction\":[{\"@type\":\"ReadAction\",\"target\":[\"https:\/\/amical-buchenwald.org\/avis-legal\/\"]}]},{\"@type\":\"BreadcrumbList\",\"@id\":\"https:\/\/amical-buchenwald.org\/avis-legal\/#breadcrumb\",\"itemListElement\":[{\"@type\":\"ListItem\",\"position\":1,\"name\":\"Inici\",\"item\":\"https:\/\/amical-buchenwald.org\/es\/\"},{\"@type\":\"ListItem\",\"position\":2,\"name\":\"Av\u00edso legal\"}]},{\"@type\":\"WebSite\",\"@id\":\"https:\/\/amical-buchenwald.org\/#website\",\"url\":\"https:\/\/amical-buchenwald.org\/\",\"name\":\"Amical de Buchenwald\",\"description\":\"\",\"potentialAction\":[{\"@type\":\"SearchAction\",\"target\":{\"@type\":\"EntryPoint\",\"urlTemplate\":\"https:\/\/amical-buchenwald.org\/?s={search_term_string}\"},\"query-input\":{\"@type\":\"PropertyValueSpecification\",\"valueRequired\":true,\"valueName\":\"search_term_string\"}}],\"inLanguage\":\"es\"}]}<\/script>\n<!-- \/ Yoast SEO plugin. -->","yoast_head_json":{"title":"Av\u00edso legal - Amical de Buchenwald","robots":{"index":"index","follow":"follow","max-snippet":"max-snippet:-1","max-image-preview":"max-image-preview:large","max-video-preview":"max-video-preview:-1"},"canonical":"https:\/\/amical-buchenwald.org\/avis-legal\/","og_locale":"es_ES","og_type":"article","og_title":"Av\u00edso legal - Amical de Buchenwald","og_description":"En cumplimiento de lo dispuesto en la Ley 34\/2002, de 11 de julio, de servicios de la sociedad de la informaci\u00f3n y de comercio electr\u00f3nico (LSSI-CE), se informa a los usuarios de la siguiente informaci\u00f3n legal relativa al sitio web amical-buchenwald.org: 1. Titularidad del sitio web El titular de este sitio web es: Asociaci\u00f3n Buchenwald [&hellip;]","og_url":"https:\/\/amical-buchenwald.org\/avis-legal\/","og_site_name":"Amical de Buchenwald","article_modified_time":"2025-01-15T07:50:06+00:00","twitter_card":"summary_large_image","twitter_misc":{"Tiempo de lectura":"3 minutos"},"schema":{"@context":"https:\/\/schema.org","@graph":[{"@type":"WebPage","@id":"https:\/\/amical-buchenwald.org\/avis-legal\/","url":"https:\/\/amical-buchenwald.org\/avis-legal\/","name":"Av\u00edso legal - Amical de Buchenwald","isPartOf":{"@id":"https:\/\/amical-buchenwald.org\/#website"},"datePublished":"2024-01-22T10:19:01+00:00","dateModified":"2025-01-15T07:50:06+00:00","breadcrumb":{"@id":"https:\/\/amical-buchenwald.org\/avis-legal\/#breadcrumb"},"inLanguage":"es","potentialAction":[{"@type":"ReadAction","target":["https:\/\/amical-buchenwald.org\/avis-legal\/"]}]},{"@type":"BreadcrumbList","@id":"https:\/\/amical-buchenwald.org\/avis-legal\/#breadcrumb","itemListElement":[{"@type":"ListItem","position":1,"name":"Inici","item":"https:\/\/amical-buchenwald.org\/es\/"},{"@type":"ListItem","position":2,"name":"Av\u00edso legal"}]},{"@type":"WebSite","@id":"https:\/\/amical-buchenwald.org\/#website","url":"https:\/\/amical-buchenwald.org\/","name":"Amical de Buchenwald","description":"","potentialAction":[{"@type":"SearchAction","target":{"@type":"EntryPoint","urlTemplate":"https:\/\/amical-buchenwald.org\/?s={search_term_string}"},"query-input":{"@type":"PropertyValueSpecification","valueRequired":true,"valueName":"search_term_string"}}],"inLanguage":"es"}]}},"_links":{"self":[{"href":"https:\/\/amical-buchenwald.org\/es\/wp-json\/wp\/v2\/pages\/1296","targetHints":{"allow":["GET"]}}],"collection":[{"href":"https:\/\/amical-buchenwald.org\/es\/wp-json\/wp\/v2\/pages"}],"about":[{"href":"https:\/\/amical-buchenwald.org\/es\/wp-json\/wp\/v2\/types\/page"}],"author":[{"embeddable":true,"href":"https:\/\/amical-buchenwald.org\/es\/wp-json\/wp\/v2\/users\/1"}],"replies":[{"embeddable":true,"href":"https:\/\/amical-buchenwald.org\/es\/wp-json\/wp\/v2\/comments?post=1296"}],"version-history":[{"count":4,"href":"https:\/\/amical-buchenwald.org\/es\/wp-json\/wp\/v2\/pages\/1296\/revisions"}],"predecessor-version":[{"id":1358,"href":"https:\/\/amical-buchenwald.org\/es\/wp-json\/wp\/v2\/pages\/1296\/revisions\/1358"}],"wp:attachment":[{"href":"https:\/\/amical-buchenwald.org\/es\/wp-json\/wp\/v2\/media?parent=1296"}],"curies":[{"name":"wp","href":"https:\/\/api.w.org\/{rel}","templated":true}]}}

Avíso legal

<p>En cumplimiento de lo dispuesto en la Ley 34/2002, de 11 de julio, de servicios de la sociedad de la información y de comercio electrónico (LSSI-CE), se informa a los usuarios de la siguiente información legal relativa al sitio web <strong>amical-buchenwald.org</strong>:</p>
<h1><strong>1. Titularidad del sitio web</strong></h1>
<p>El titular de este sitio web es:</p>
<p><strong>Asociación Buchenwald</strong></p>
<ul>
<li>CIF: G67985028</li>
<li>Dirección: Rambla Salvador Samà, 83, 1r 5ª, 08800 Vilanova i la Geltrú (Barcelona)</li>
<li>Correo electrónico de contacto: [Agregar correo electrónico de contacto]</li>
</ul>
<h1><strong>2. Objeto</strong></h1>
<p>Este sitio web ha sido creado para ofrecer información sobre las actividades y finalidades de la Asociación Buchenwald, así como para poner a disposición de los usuarios información y recursos de interés general.</p>
<h1><strong>3. Condiciones de uso</strong></h1>
<p>El acceso y uso del sitio web confiere la condición de usuario, e implica la aceptación plena y sin reservas de todas las disposiciones de este Aviso Legal. Si no está de acuerdo con alguna de las condiciones aquí establecidas, se recomienda no utilizar este sitio web.</p>
<p>El usuario se compromete a hacer un uso adecuado de los contenidos y servicios de este sitio web y a no emplearlo para realizar actividades ilícitas o contrarias a la buena fe y al orden público.</p>
<h1><strong>4. Propiedad intelectual e industrial</strong></h1>
<p>Todos los contenidos del sitio web (textos, imágenes, gráficos, logotipos, iconos, archivos, etc.) son propiedad exclusiva de la Asociación Buchenwald o, en su caso, de terceros que han autorizado su uso, y están protegidos por la normativa de propiedad intelectual e industrial.</p>
<p>Queda prohibida la reproducción, distribución, comunicación pública y transformación, total o parcial, de los contenidos de este sitio web sin el previo consentimiento expreso del titular.</p>
<h1><strong>5. Protección de datos</strong></h1>
<p>Los datos personales recabados a través de este sitio web serán tratados de acuerdo con lo establecido en la normativa vigente en materia de protección de datos. Para más información sobre cómo tratamos tus datos, puedes consultar nuestra <strong>Política de Privacidad</strong>.</p>
<h1><strong>6. Exclusión de garantías y responsabilidad</strong></h1>
<p>La Asociación Buchenwald no se hace responsable de los daños y perjuicios de cualquier naturaleza que puedan derivarse de la falta de disponibilidad, mantenimiento o funcionamiento del sitio web, así como de los posibles errores u omisiones en los contenidos.</p>
<h1><strong>7. Legislación aplicable y jurisdicción</strong></h1>
<p>Este Aviso Legal se regirá e interpretará de acuerdo con la legislación española. Para cualquier controversia que pueda surgir, las partes se someten a los Juzgados y Tribunales de Barcelona, con renuncia expresa a cualquier otro fuero que les pudiera corresponder.</p>

<p>En cumplimiento de lo dispuesto en la Ley 34/2002, de 11 de julio, de servicios de la sociedad de la información y de comercio electrónico (LSSI-CE), se informa a los usuarios de la siguiente información legal relativa al sitio web amical-buchenwald.org: 1. Titularidad del sitio web El titular de este sitio web es: Asociación Buchenwald [&hellip;]</p>

<!-- This site is optimized with the Yoast SEO plugin v26.6 - https://yoast.com/wordpress/plugins/seo/ -->
<title>Avíso legal - Amical de Buchenwald</title>
<meta name="robots" content="index, follow, max-snippet:-1, max-image-preview:large, max-video-preview:-1" />
<link rel="canonical" href="https://amical-buchenwald.org/avis-legal/" />
<meta property="og:locale" content="es_ES" />
<meta property="og:type" content="article" />
<meta property="og:title" content="Avíso legal - Amical de Buchenwald" />
<meta property="og:description" content="En cumplimiento de lo dispuesto en la Ley 34/2002, de 11 de julio, de servicios de la sociedad de la información y de comercio electrónico (LSSI-CE), se informa a los usuarios de la siguiente información legal relativa al sitio web amical-buchenwald.org: 1. Titularidad del sitio web El titular de este sitio web es: Asociación Buchenwald [&hellip;]" />
<meta property="og:url" content="https://amical-buchenwald.org/avis-legal/" />
<meta property="og:site_name" content="Amical de Buchenwald" />
<meta property="article:modified_time" content="2025-01-15T07:50:06+00:00" />
<meta name="twitter:card" content="summary_large_image" />
<meta name="twitter:label1" content="Tiempo de lectura" />
	<meta name="twitter:data1" content="3 minutos" />
<script type="application/ld+json" class="yoast-schema-graph">{"@context":"https://schema.org","@graph":[{"@type":"WebPage","@id":"https://amical-buchenwald.org/avis-legal/","url":"https://amical-buchenwald.org/avis-legal/","name":"Avíso legal - Amical de Buchenwald","isPartOf":{"@id":"https://amical-buchenwald.org/#website"},"datePublished":"2024-01-22T10:19:01+00:00","dateModified":"2025-01-15T07:50:06+00:00","breadcrumb":{"@id":"https://amical-buchenwald.org/avis-legal/#breadcrumb"},"inLanguage":"es","potentialAction":[{"@type":"ReadAction","target":["https://amical-buchenwald.org/avis-legal/"]}]},{"@type":"BreadcrumbList","@id":"https://amical-buchenwald.org/avis-legal/#breadcrumb","itemListElement":[{"@type":"ListItem","position":1,"name":"Inici","item":"https://amical-buchenwald.org/es/"},{"@type":"ListItem","position":2,"name":"Avíso legal"}]},{"@type":"WebSite","@id":"https://amical-buchenwald.org/#website","url":"https://amical-buchenwald.org/","name":"Amical de Buchenwald","description":"","potentialAction":[{"@type":"SearchAction","target":{"@type":"EntryPoint","urlTemplate":"https://amical-buchenwald.org/?s={search_term_string}"},"query-input":{"@type":"PropertyValueSpecification","valueRequired":true,"valueName":"search_term_string"}}],"inLanguage":"es"}]}</script>
<!-- / Yoast SEO plugin. -->

Avíso legal - Amical de Buchenwald

En cumplimiento de lo dispuesto en la Ley 34/2002, de 11 de julio, de servicios de la sociedad de la información y de comercio electrónico (LSSI-CE), se informa a los usuarios de la siguiente información legal relativa al sitio web amical-buchenwald.org: 1. Titularidad del sitio web El titular de este sitio web es: Asociación Buchenwald [&hellip;]
